 m be q(-8). Let y = 24 - m. Suppose y = -4*l + 313. What is the units digit of l?
4
Let h = 367 + 82538. What is the hundreds digit of h?
9
Let x be ((-72)/(-8) + -10)*1*-5. Suppose x*j - 6028 = j. What is the tens digit of j?
0
Suppose 17*g + 20*g - 4107 = 0. What is the hundreds digit of (-96)/(-192)*1*14*g?
7
Let u(w) = -2317*w + 309. What is the ten thousands digit of u(-13)?
3
Let h(i) = 5*i + 4*i**2 - 3*i**2 + 14 - i**3 - 5*i**2. Let n be h(-7). Let u = 212 - n. What is the units digit of u?
6
Let q = 24 - 29. What is the units digit of 20/((-380)/(-75) + q)?
0
Let g(a) = 4*a**2 - 15*a - 2. Let r(n) = -n**2 + 1. Suppose 18 - 30 = 4*q. Let p(w) = q*r(w) - g(w). What is the tens digit of p(6)?
5
Let m(f) = 10*f + 6. Let p be m(-2). Let b be (-7)/((-294)/18) - (-2078)/p. Let t = -61 - b. What is the tens digit of t?
8
Let a = 415 + -4807. Let r = 6226 + a. What is the tens digit of r?
3
Suppose x - 2*i = -5*i - 7, 0 = -2*i - 6. What is the units digit of (5 + (-11)/x)*-688?
4
Suppose -22*f = -30635 - 32403 - 37304. What is the units digit of f?
1
Suppose 20*y - 15*y - 40 = 0. Suppose -2*h - y = -2*b, 8 = 2*b + h - 6*h. What is the units digit of b?
4
Let v(h) = 48*h - 123. Let i be v(21). Suppose 0 = -9*u + i + 1599. What is the hundreds digit of u?
2
Let t = -904 - -2385. What is the units digit of t?
1
Suppose 2*y + 4*o = -24, 5*y - 12 - 3 = 5*o. Let i be 2*(-3)/12*12/y. Suppose -i*b + 405 = g, -2*g + 125 = b - 5*g. What is the tens digit of b?
3
Let s(y) = y**3 - y + 148. Let g be s(0). Suppose 4*v - 160 - g = 0. Suppose -13 = -3*m + v. What is the units digit of m?
0
Let x = 13177 + 8455. What is the ten thousands digit of x?
2
Suppose 51 = -88*y + 105*y. Suppose b - 1299 = -5*u, 3*b + y*u - 1772 = 2137. What is the tens digit of b?
0
What is the units digit of (7 + (-91)/14)/(6/106512)?
6
Suppose 3729 = -13*g + 1038. Let c = g + 313. What is the units digit of c?
6
Let o = -29 - -24. Let i(d) = -87*d - 44. What is the units digit of i(o)?
1
Suppose 54 = 3*d - d. Let o be 4 + (198/(-15))/((-4)/(-10)). What is the units digit of o/9 - -3 - (-4191)/d?
5
Let b(j) = -2*j**2 - 9*j - 26. Let k(p) = 6*p**2 + 26*p + 79. Let g(u) = 11*b(u) + 4*k(u). Let a be g(-6). Let f = -1 + a. What is the tens digit of f?
7
Suppose 80963 - 2646422 = -140*j + 151101. What is the thousands digit of j?
9
Let w = 8743 + -1799. What is the units digit of w?
4
Let o(h) = h**2 - 3*h - 8. Let u be o(0). What is the tens digit of (-2264)/u - (1 + 4)?
7
Suppose 3*a + 3*i - 2940 = 2607, 5*a - i - 9227 = 0. Suppose 0 = -5*s + a - 221. What is the units digit of s?
5
Suppose 4*d + 24630 = 2*k, -4*k = 3*d + 22303 - 71497. What is the thousands digit of k?
2
Let u = 1179 - -690. Let r = u + -1272. What is the tens digit of r?
9
Suppose 4*h = -58*w + 62*w + 64844, -3*h + 48669 = w. What is the hundreds digit of h?
2
Suppose -3*u - 4*h - 1 = -4*u, -4*h = u - 9. Suppose -n + 641 = q, -u*n - 5 = -0. What is the units digit of q?
2
Let v(t) = 5*t + 29. Let d be v(-7). Let q(m) = -4*m - 20. Let l be q(d). Suppose 8*w - 588 = -l*w. What is the tens digit of w?
4
Suppose -3*r + 2*p = -94043, 2*r = -p + 98181 - 35481. What is the tens digit of r?
4
Suppose -4*a = 989 - 181. Suppose 6*l - 5*l = 324. Let i = a + l. What is the tens digit of i?
2
Suppose -5*f - 4*c = -943, 2*c - c - 2 = 0. Let z = f + -93. What is the tens digit of z?
9
Let p = -1992 + 4713. What is the units digit of p?
1
Let c(d) = -5051*d + 390. What is the hundreds digit of c(-3)?
5
Let z = -1 - -1. Suppose -10*i + 1 = -8*i - 3*f, i + 4*f = 17. Suppose i*b - 105 - 15 = z. What is the units digit of b?
4
Suppose -2*q + 2 = 10. Let x(g) = -8*g**3 + g**2 - 2*g + 4. What is the tens digit of x(q)?
4
Let s = -2728 + 12843. What is the thousands digit of s?
0
Let t = 763 - 760. Suppose v - q + 275 = 1300, -4*v = -t*q - 4102. What is the units digit of v?
7
Let j = 9 + 23. Suppose -4*t = 4*x + j, -t + 3*x = -5 - 3. What is the units digit of 156 + (-4 - (t - -1))?
5
Let w(z) = 293*z + 7810. What is the ten thousands digit of w(28)?
1
Let r be ((-222)/148)/((-6)/(-20)). Let b(x) be the first derivative of -3*x**2 - 9*x + 1. What is the units digit of b(r)?
1
Let y be (28/(-5) - -2)*135. What is the tens digit of (-2 + 8)*y/(-12)?
4
Let a(y) = 42 + y**3 - 1771*y - 55 - 108 + 1746*y + 25*y**2. What is the tens digit of a(-25)?
0
What is the tens digit of 76/(-95) - (-1241 - -8)/(5/3)?
3
What is the thousands digit of (44/(-10))/((-33)/94875)?
2
Suppose -2619*u + 2617*u + 1302 = 0. What is the tens digit of u?
5
Let n = 43 + -43. Suppose 3*w + n*w + 348 = 0. Let q = w - -165. What is the tens digit of q?
4
Let s(o) = -1469*o - 7. What is the hundreds digit of s(-4)?
8
Suppose -1155*x + 1150*x = -12455. What is the units digit of x?
1
Let w(r) = 12*r**2 + 159*r + 475. What is the hundreds digit of w(-46)?
5
Suppose 0*p + 3*p = 9. Suppose -21*x - 22*x = 67*x - 4*x. Suppose 3*s - 3*q = 4*s - 13, -q + p = x. What is the units digit of s?
4
Let p(x) be the first derivative of -55*x**2/2 + 13*x + 10. What is the hundreds digit of p(-11)?
6
Let r(x) = x**2 - 16*x + 24. Let f be r(14). What is the hundreds digit of f/(-4) + (-13 - -1174)?
1
Let o = -34 + 30. Let l(y) = -y**3 - 4*y**2 - 2*y - 6. Let v be l(o). Suppose 0 = -v*a - 6, -6*q + 101 = -4*q - 3*a. What is the units digit of q?
6
Let w(n) = 3091*n**3 - 2*n**2 + 3*n - 2. Let q be w(1). Let h = q - 1841. What is the thousands digit of h?
1
Let d = -205 - -195. Let u(l) = -13*l - 61. What is the tens digit of u(d)?
6
Let o(l) = l**3 - 19*l**2 + 10*l - 68. Let f be o(22). Suppose f = -77*j + 79*j. What is the units digit of j?
2
Let l(y) = -1421*y + 3*y**3 + 2*y**2 + 9 + 1388*y - 4*y**2. What is the tens digit of l(8)?
5
Suppose -257*o + 49*o + 19283 + 6925 = 0. What is the hundreds digit of o?
1
Let g = 118 - 114. Suppose -g*k = -3*i + 635, -3*i - 4*k + 464 + 155 = 0. What is the units digit of i?
9
What is the tens digit of 721623/12 - ((-142)/(-355) - 46/40)?
3
Suppose 5*o = -15 - 65. Let j be (2 + o)/(5/(-20)). Suppose -t + d + 8 = -6, j = 4*t + 5*d. What is the units digit of t?
4
Let y(m) = 24*m**2 - 3*m - 30. Let h be y(-3). Let f = h + 201. What is the hundreds digit of f?
3
Let z be ((-63)/42)/((-6)/80). Suppose 5*n - n - z = 0, 2*t = 3*n - 23. Let o(k) = -17*k - 8. What is the tens digit of o(t)?
6
Suppose -3*o - n = -66394, -3*n + 20379 = o - 1739. What is the units digit of o?
3
Suppose q - 20 = -3*p, -3*p + 40 = 2*q + 3*q. Suppose p*i = 9*i - y - 461, -3*i + 357 = -3*y. What is the hundreds digit of i?
1
Let s(t) = 4891*t**2 + 124*t + 358. What is the ten thousands digit of s(-3)?
4
Let z = 35 - 40. Let m(g) = g**3 + 5*g**2 + 2. Let k be m(z). What is the tens digit of ((-30)/40)/(k/(-48))?
1
Suppose -5*a = 9*a - 11927 - 83791. What is the tens digit of a?
3
Suppose 1453 = 3*b - 530. Suppose -b = -3*l - 4. What is the hundreds digit of l?
2
Suppose 5*p = 0, j - 2*p + 3 = 20. Let v = 24 + j. What is the units digit of v?
1
Suppose -5*p - h + 43606 = 0, 3*p - 4*h = 18638 + 7544. What is the hundreds digit of p?
7
What is the tens digit of (-1)/(((-13)/(-1))/(-205647))?
1
Let n(z) = 11*z - 13*z + 65*z**3 + z**2 + 5*z + 2. Let i be n(-1). Let u = -20 - i. What is the units digit of u?
5
Let t(f) = 13*f + 66. Let r be t(-5). What is the tens digit of r + -5 - -2 - (-326 - 1)?
2
Suppose -120*n = -122*n + 10. Suppose n*r + 4*v - 3291 = 0, 16*r - 13*r - 2*v = 1979. What is the hundreds digit of r?
6
Let w = 595 + -404. Suppose 6*z - w = 571. What is the hundreds digit of z?
1
Let o(t) = -279*t + 386. What is the thousands digit of o(-17)?
5
Suppose -o - 2936 = -4*o + 5*c, 5*o - 2*c - 4868 = 0. Suppose 5*d - 1208 = o. Suppose d = 4*a + 4*k, 0*a + k - 215 = -2*a. What is the units digit of a?
6
What is the tens digit of 10*-9*5*2896/(-200)?
1
Suppose u = -j + 5166 - 440, u = j + 4724. What is the thousands digit of u?
4
Suppose 5*r + 30 = 5*b, 3*r + 18 = 5*b - 10. Let x be (-4*(-3)/18)/(r/3). What is the units digit of 0 - 1/(x/126)?
3
Suppose -5*o + 2*v - 170 = 0, -6*o + 3*o = -3*v + 102. Let c be 7 - 4 - 2 - o. Suppose -t + c = -9. What is the units digit of t?
4
Suppose l - 40 = -32. Let o(c) = -c**2 + 3 - l*c + 10*c + 6*c. What is the units digit of o(8)?
3
Let w(x) 